{"id":14,"date":"2026-03-12T20:38:57","date_gmt":"2026-03-12T19:38:57","guid":{"rendered":"https:\/\/serviziocivile.ens.it\/?page_id=14"},"modified":"2026-04-09T13:30:59","modified_gmt":"2026-04-09T11:30:59","slug":"servizio-civile-universale-ens-un-anno-di-impegno-per-sensibilizzare-sulla-sordita","status":"publish","type":"page","link":"https:\/\/serviziocivile.ens.it\/","title":{"rendered":"Servizio Civile Universale ENS: un anno di impegno per sensibilizzare sulla sordit\u00e0"},"content":{"rendered":"\n<figure class=\"wp-block-image size-large\"><img loading=\"lazy\" decoding=\"async\" width=\"1024\" height=\"576\" src=\"https:\/\/serviziocivile.ens.it\/wp-content\/uploads\/2026\/04\/Bando-universale-1024x576.jpg\" alt=\"\" class=\"wp-image-67\" srcset=\"https:\/\/serviziocivile.ens.it\/wp-content\/uploads\/2026\/04\/Bando-universale-1024x576.jpg 1024w, https:\/\/serviziocivile.ens.it\/wp-content\/uploads\/2026\/04\/Bando-universale-300x169.jpg 300w, https:\/\/serviziocivile.ens.it\/wp-content\/uploads\/2026\/04\/Bando-universale-768x432.jpg 768w, https:\/\/serviziocivile.ens.it\/wp-content\/uploads\/2026\/04\/Bando-universale-1536x864.jpg 1536w, https:\/\/serviziocivile.ens.it\/wp-content\/uploads\/2026\/04\/Bando-universale-1360x765.jpg 1360w, https:\/\/serviziocivile.ens.it\/wp-content\/uploads\/2026\/04\/Bando-universale.jpg 1920w\" sizes=\"auto, (max-width: 1024px) 100vw, 1024px\" \/><\/figure>\n\n\n\n<p>Il Servizio Civile Universale offre ai giovani tra i 18 e i 29 anni non compiuti l&#8217;opportunit\u00e0 di dedicare fino a un anno al Servizio Civile presso le sedi dell&#8217;ENS, Nazionale, Regionali e Provinciali.<\/p>\n\n\n\n<p>I volontari saranno coinvolti in una campagna di sensibilizzazione sulla sordit\u00e0, con la produzione di materiali informativi e la loro diffusione in eventi programmati.<\/p>\n\n\n\n<p>Il progetto mira a sensibilizzare la cittadinanza sulla sordit\u00e0, migliorando la comprensione delle sfide delle persone sorde.<\/p>\n\n\n\n<p>Coinvolge sia persone sorde che udenti, favorendo l\u2019inclusione attraverso attivit\u00e0 di sensibilizzazione e il supporto alle persone sorde tramite uno sportello&nbsp;di segretariato sociale.<\/p>\n\n\n\n<p>I volontari acquisiranno competenze nel relazionarsi con persone disabili, stimolando un maggiore coinvolgimento e un&#8217;esperienza di crescita personale.<\/p>\n\n\n\n<p>Il Servizio Civile Universale \u00e8 un&#8217;opportunit\u00e0 che &#8220;genera valore&#8221; sia per i giovani che per la comunit\u00e0. Possono partecipare giovani che soddisfano i requisiti specificati nel bando.<\/p>\n\n\n\n<p>Le domande trasmesse con modalit\u00e0 diverse da quelle sopra indicate non saranno prese in considerazione (<strong>art. 5 del bando<\/strong>).<\/p>\n\n\n\n<figure data-wp-context=\"{&quot;imageId&quot;:&quot;69edb909ea0b4&quot;}\" data-wp-interactive=\"core\/image\" data-wp-key=\"69edb909ea0b4\" class=\"wp-block-image size-large wp-lightbox-container\"><img loading=\"lazy\" decoding=\"async\" width=\"1024\" height=\"371\" data-wp-class--hide=\"state.isContentHidden\" data-wp-class--show=\"state.isContentVisible\" data-wp-init=\"callbacks.setButtonStyles\" data-wp-on--click=\"actions.showLightbox\" data-wp-on--load=\"callbacks.setButtonStyles\" data-wp-on-window--resize=\"callbacks.setButtonStyles\" src=\"https:\/\/serviziocivile.ens.it\/wp-content\/uploads\/2026\/03\/sedi-di-coinvolgimento-1024x371.png\" alt=\"\" class=\"wp-image-20\" srcset=\"https:\/\/serviziocivile.ens.it\/wp-content\/uploads\/2026\/03\/sedi-di-coinvolgimento-1024x371.png 1024w, https:\/\/serviziocivile.ens.it\/wp-content\/uploads\/2026\/03\/sedi-di-coinvolgimento-300x109.png 300w, https:\/\/serviziocivile.ens.it\/wp-content\/uploads\/2026\/03\/sedi-di-coinvolgimento-768x278.png 768w, https:\/\/serviziocivile.ens.it\/wp-content\/uploads\/2026\/03\/sedi-di-coinvolgimento-1536x556.png 1536w, https:\/\/serviziocivile.ens.it\/wp-content\/uploads\/2026\/03\/sedi-di-coinvolgimento-2048x742.png 2048w, https:\/\/serviziocivile.ens.it\/wp-content\/uploads\/2026\/03\/sedi-di-coinvolgimento-1530x554.png 1530w\" sizes=\"auto, (max-width: 1024px) 100vw, 1024px\" \/><button\n\t\t\tclass=\"lightbox-trigger\"\n\t\t\ttype=\"button\"\n\t\t\taria-haspopup=\"dialog\"\n\t\t\taria-label=\"Ingrandisci\"\n\t\t\tdata-wp-init=\"callbacks.initTriggerButton\"\n\t\t\tdata-wp-on--click=\"actions.showLightbox\"\n\t\t\tdata-wp-style--right=\"state.imageButtonRight\"\n\t\t\tdata-wp-style--top=\"state.imageButtonTop\"\n\t\t>\n\t\t\t<svg xmlns=\"http:\/\/www.w3.org\/2000\/svg\" width=\"12\" height=\"12\" fill=\"none\" viewBox=\"0 0 12 12\">\n\t\t\t\t<path fill=\"#fff\" d=\"M2 0a2 2 0 0 0-2 2v2h1.5V2a.5.5 0 0 1 .5-.5h2V0H2Zm2 10.5H2a.5.5 0 0 1-.5-.5V8H0v2a2 2 0 0 0 2 2h2v-1.5ZM8 12v-1.5h2a.5.5 0 0 0 .5-.5V8H12v2a2 2 0 0 1-2 2H8Zm2-12a2 2 0 0 1 2 2v2h-1.5V2a.5.5 0 0 0-.5-.5H8V0h2Z\" \/>\n\t\t\t<\/svg>\n\t\t<\/button><\/figure>\n\n\n\n<p>&#x1f534;Servizio Civile Universale ENS: un anno di impegno per sensibilizzare sulla sordit\u00e0<\/p>\n\n\n\n<p><strong>&#x2705; Progetto: Oltre il Silenzio: Conoscere la Sordit\u00e0 per una Cittadinanza Inclusiva<\/strong><\/p>\n\n\n\n<p>&#x1f465; Posti disponibili: 16<br>&#x1f5d3; Scadenza domanda: 16\/04\/2026<br>&#x23f1; Impegno: 25 ore settimanali \u2013 12 mesi<br>&#x1f4b6; Compenso: \u20ac 519,47\/mese<\/p>\n\n\n\n<p>&#x1f4dd; Come candidarsi: la domanda si presenta solo online su <a href=\"https:\/\/domandaonline.serviziocivile.it\/\">domandaonline.serviziocivile.it<\/a> (accesso con SPID).<\/p>\n\n\n\n<p>&#x1f449; Vuoi partecipare? Non aspettare l\u2019ultimo giorno: PAR-TE-CI-PA!<br>&#x2139;&#xfe0f; Info: amesci.org<\/p>\n\n\n\n<p><strong>Visualizza gli allegati:<br><\/strong><a href=\"https:\/\/serviziocivile.ens.it\/wp-content\/uploads\/2026\/03\/BANDO.pdf\">Bando per la selezione<\/a><br><a href=\"https:\/\/domandaonline.serviziocivile.it\/\">Piattaforma DOL \u2013 Domanda On Line<\/a><br><a href=\"https:\/\/serviziocivile.ens.it\/wp-content\/uploads\/2026\/03\/GUIDA-DOL-BANDO-ORDINARIO-2026.pdf\">Guida per la compilazione e la presentazione della Domanda On Line con la piattaforma DOL<\/a><br><a href=\"https:\/\/serviziocivile.ens.it\/wp-content\/uploads\/2026\/03\/progetto_ENS_OLTRE_IL_SILENZIO_CONOSCERE_LA_SORDITA_PER_UNA_CITTADINANZA_INCLUSIVA.pdf\">Scheda elementi essenziali del progetto<\/a><br><a href=\"https:\/\/www.politichegiovanili.gov.it\/media\/01aorvj1\/decreto-n-386_2026-proroga-bando-2026.pdf\" target=\"_blank\" rel=\"noreferrer noopener\">Decreto del Capo del Dipartimento per le Politich<\/a>e giovanili e il Servizio civile universale n. 386\/2026<\/p>\n\n\n\n<p>Per contattarci, \u00e8 possibile recarsi presso la Sede Centrale ENS Via Gregorio VII, 116\/A nei seguenti orari:<br><strong>Luned\u00ec-mercoled\u00ec-venerd\u00ec mattina:<\/strong>&nbsp;dalle 10:00 alle 12:00<br><strong>Marted\u00ec e gioved\u00ec pomeriggio:<\/strong>&nbsp;dalle 15:00 alle 17:00<br>In alternativa, \u00e8 possibile scrivere agli indirizzi email:&nbsp;<strong>progetti@ens.it<\/strong>&nbsp;e&nbsp;<strong>salzano@ens.it<\/strong>.<\/p>\n","protected":false},"excerpt":{"rendered":"<p>Il Servizio Civile Universale offre ai giovani tra i 18 e i 29 anni non compiuti l&#8217;opportunit\u00e0 di dedicare fino [&hellip;]<\/p>\n","protected":false},"author":2,"featured_media":0,"parent":0,"menu_order":0,"comment_status":"closed","ping_status":"closed","template":"","meta":{"footnotes":""},"class_list":["post-14","page","type-page","status-publish","hentry"],"_links":{"self":[{"href":"https:\/\/serviziocivile.ens.it\/index.php?rest_route=\/wp\/v2\/pages\/14","targetHints":{"allow":["GET"]}}],"collection":[{"href":"https:\/\/serviziocivile.ens.it\/index.php?rest_route=\/wp\/v2\/pages"}],"about":[{"href":"https:\/\/serviziocivile.ens.it\/index.php?rest_route=\/wp\/v2\/types\/page"}],"author":[{"embeddable":true,"href":"https:\/\/serviziocivile.ens.it\/index.php?rest_route=\/wp\/v2\/users\/2"}],"replies":[{"embeddable":true,"href":"https:\/\/serviziocivile.ens.it\/index.php?rest_route=%2Fwp%2Fv2%2Fcomments&post=14"}],"version-history":[{"count":22,"href":"https:\/\/serviziocivile.ens.it\/index.php?rest_route=\/wp\/v2\/pages\/14\/revisions"}],"predecessor-version":[{"id":68,"href":"https:\/\/serviziocivile.ens.it\/index.php?rest_route=\/wp\/v2\/pages\/14\/revisions\/68"}],"wp:attachment":[{"href":"https:\/\/serviziocivile.ens.it\/index.php?rest_route=%2Fwp%2Fv2%2Fmedia&parent=14"}],"curies":[{"name":"wp","href":"https:\/\/api.w.org\/{rel}","templated":true}]}}

Servizio Civile Universale ENS: un anno di impegno per sensibilizzare sulla sordità

<figure class="wp-block-image size-large"><img loading="lazy" decoding="async" width="1024" height="576" src="https://serviziocivile.ens.it/wp-content/uploads/2026/04/Bando-universale-1024x576.jpg" alt="" class="wp-image-67" srcset="https://serviziocivile.ens.it/wp-content/uploads/2026/04/Bando-universale-1024x576.jpg 1024w, https://serviziocivile.ens.it/wp-content/uploads/2026/04/Bando-universale-300x169.jpg 300w, https://serviziocivile.ens.it/wp-content/uploads/2026/04/Bando-universale-768x432.jpg 768w, https://serviziocivile.ens.it/wp-content/uploads/2026/04/Bando-universale-1536x864.jpg 1536w, https://serviziocivile.ens.it/wp-content/uploads/2026/04/Bando-universale-1360x765.jpg 1360w, https://serviziocivile.ens.it/wp-content/uploads/2026/04/Bando-universale.jpg 1920w" sizes="auto, (max-width: 1024px) 100vw, 1024px" /></figure>



<p>Il Servizio Civile Universale offre ai giovani tra i 18 e i 29 anni non compiuti l&#8217;opportunità di dedicare fino a un anno al Servizio Civile presso le sedi dell&#8217;ENS, Nazionale, Regionali e Provinciali.</p>



<p>I volontari saranno coinvolti in una campagna di sensibilizzazione sulla sordità, con la produzione di materiali informativi e la loro diffusione in eventi programmati.</p>



<p>Il progetto mira a sensibilizzare la cittadinanza sulla sordità, migliorando la comprensione delle sfide delle persone sorde.</p>



<p>Coinvolge sia persone sorde che udenti, favorendo l’inclusione attraverso attività di sensibilizzazione e il supporto alle persone sorde tramite uno sportello&nbsp;di segretariato sociale.</p>



<p>I volontari acquisiranno competenze nel relazionarsi con persone disabili, stimolando un maggiore coinvolgimento e un&#8217;esperienza di crescita personale.</p>



<p>Il Servizio Civile Universale è un&#8217;opportunità che &#8220;genera valore&#8221; sia per i giovani che per la comunità. Possono partecipare giovani che soddisfano i requisiti specificati nel bando.</p>



<p>Le domande trasmesse con modalità diverse da quelle sopra indicate non saranno prese in considerazione (<strong>art. 5 del bando</strong>).</p>



<figure data-wp-context="{&quot;imageId&quot;:&quot;69edb909ea0b4&quot;}" data-wp-interactive="core/image" data-wp-key="69edb909ea0b4" class="wp-block-image size-large wp-lightbox-container"><img loading="lazy" decoding="async" width="1024" height="371" data-wp-class--hide="state.isContentHidden" data-wp-class--show="state.isContentVisible" data-wp-init="callbacks.setButtonStyles" data-wp-on--click="actions.showLightbox" data-wp-on--load="callbacks.setButtonStyles" data-wp-on-window--resize="callbacks.setButtonStyles" src="https://serviziocivile.ens.it/wp-content/uploads/2026/03/sedi-di-coinvolgimento-1024x371.png" alt="" class="wp-image-20" srcset="https://serviziocivile.ens.it/wp-content/uploads/2026/03/sedi-di-coinvolgimento-1024x371.png 1024w, https://serviziocivile.ens.it/wp-content/uploads/2026/03/sedi-di-coinvolgimento-300x109.png 300w, https://serviziocivile.ens.it/wp-content/uploads/2026/03/sedi-di-coinvolgimento-768x278.png 768w, https://serviziocivile.ens.it/wp-content/uploads/2026/03/sedi-di-coinvolgimento-1536x556.png 1536w, https://serviziocivile.ens.it/wp-content/uploads/2026/03/sedi-di-coinvolgimento-2048x742.png 2048w, https://serviziocivile.ens.it/wp-content/uploads/2026/03/sedi-di-coinvolgimento-1530x554.png 1530w" sizes="auto, (max-width: 1024px) 100vw, 1024px" /><button
			class="lightbox-trigger"
			type="button"
			aria-haspopup="dialog"
			aria-label="Ingrandisci"
			data-wp-init="callbacks.initTriggerButton"
			data-wp-on--click="actions.showLightbox"
			data-wp-style--right="state.imageButtonRight"
			data-wp-style--top="state.imageButtonTop"
		>
			<svg xmlns="http://www.w3.org/2000/svg" width="12" height="12" fill="none" viewBox="0 0 12 12">
				<path fill="#fff" d="M2 0a2 2 0 0 0-2 2v2h1.5V2a.5.5 0 0 1 .5-.5h2V0H2Zm2 10.5H2a.5.5 0 0 1-.5-.5V8H0v2a2 2 0 0 0 2 2h2v-1.5ZM8 12v-1.5h2a.5.5 0 0 0 .5-.5V8H12v2a2 2 0 0 1-2 2H8Zm2-12a2 2 0 0 1 2 2v2h-1.5V2a.5.5 0 0 0-.5-.5H8V0h2Z" />
			</svg>
		</button></figure>



<p>&#x1f534;Servizio Civile Universale ENS: un anno di impegno per sensibilizzare sulla sordità</p>



<p><strong>&#x2705; Progetto: Oltre il Silenzio: Conoscere la Sordità per una Cittadinanza Inclusiva</strong></p>



<p>&#x1f465; Posti disponibili: 16<br>&#x1f5d3; Scadenza domanda: 16/04/2026<br>&#x23f1; Impegno: 25 ore settimanali – 12 mesi<br>&#x1f4b6; Compenso: € 519,47/mese</p>



<p>&#x1f4dd; Come candidarsi: la domanda si presenta solo online su <a href="https://domandaonline.serviziocivile.it/">domandaonline.serviziocivile.it</a> (accesso con SPID).</p>



<p>&#x1f449; Vuoi partecipare? Non aspettare l’ultimo giorno: PAR-TE-CI-PA!<br>&#x2139;&#xfe0f; Info: amesci.org</p>



<p><strong>Visualizza gli allegati:<br></strong><a href="https://serviziocivile.ens.it/wp-content/uploads/2026/03/BANDO.pdf">Bando per la selezione</a><br><a href="https://domandaonline.serviziocivile.it/">Piattaforma DOL – Domanda On Line</a><br><a href="https://serviziocivile.ens.it/wp-content/uploads/2026/03/GUIDA-DOL-BANDO-ORDINARIO-2026.pdf">Guida per la compilazione e la presentazione della Domanda On Line con la piattaforma DOL</a><br><a href="https://serviziocivile.ens.it/wp-content/uploads/2026/03/progetto_ENS_OLTRE_IL_SILENZIO_CONOSCERE_LA_SORDITA_PER_UNA_CITTADINANZA_INCLUSIVA.pdf">Scheda elementi essenziali del progetto</a><br><a href="https://www.politichegiovanili.gov.it/media/01aorvj1/decreto-n-386_2026-proroga-bando-2026.pdf" target="_blank" rel="noreferrer noopener">Decreto del Capo del Dipartimento per le Politich</a>e giovanili e il Servizio civile universale n. 386/2026</p>



<p>Per contattarci, è possibile recarsi presso la Sede Centrale ENS Via Gregorio VII, 116/A nei seguenti orari:<br><strong>Lunedì-mercoledì-venerdì mattina:</strong>&nbsp;dalle 10:00 alle 12:00<br><strong>Martedì e giovedì pomeriggio:</strong>&nbsp;dalle 15:00 alle 17:00<br>In alternativa, è possibile scrivere agli indirizzi email:&nbsp;<strong>progetti@ens.it</strong>&nbsp;e&nbsp;<strong>salzano@ens.it</strong>.</p>

<p>Il Servizio Civile Universale offre ai giovani tra i 18 e i 29 anni non compiuti l&#8217;opportunità di dedicare fino [&hellip;]</p>
